{"id":773,"date":"2011-03-09T13:04:20","date_gmt":"2011-03-09T19:04:20","guid":{"rendered":"http:\/\/blografia.net\/vicm3\/?page_id=773"},"modified":"2023-03-11T17:59:50","modified_gmt":"2023-03-11T23:59:50","slug":"contacto","status":"publish","type":"page","link":"https:\/\/blografia.net\/vicm3\/contacto\/","title":{"rendered":"Contacto"},"content":{"rendered":"<p>Correo:<br \/>\nvicm3 arroba blografia punto net<br \/>\nIM<br \/>\nMSN vicm3 arroba hotmail punto com<br \/>\nG!: victor.m3 arroba gmail punto com<br \/>\nICQ: 8894349<br \/>\nJabber: vicm3 arroba jabber punto org<\/p>\n<p>gpgkey fingerprint<code> = 33DD E396 A5D5 8828 D82A\u00a0 E478 8D88 E724 0453 C056 (caducada)<\/code><\/p>\n<p>&nbsp;<\/p>\n","protected":false},"excerpt":{"rendered":"<p>Correo: vicm3 arroba blografia punto net IM MSN vicm3 arroba hotmail punto com G!: victor.m3 arroba gmail punto com ICQ: 8894349 Jabber: vicm3 arroba jabber punto org gpgkey fingerprint = 33DD E396 A5D5 8828 D82A\u00a0 E478 8D88 E724 0453 C056 &hellip; <a href=\"https:\/\/blografia.net\/vicm3\/contacto\/\">Sigue leyendo <span class=\"meta-nav\">&rarr;<\/span><\/a><\/p>\n","protected":false},"author":2,"featured_media":0,"parent":0,"menu_order":2,"comment_status":"closed","ping_status":"closed","template":"","meta":{"advanced_seo_description":"","jetpack_seo_html_title":"","jetpack_seo_noindex":false,"jetpack_post_was_ever_published":false,"footnotes":""},"class_list":["post-773","page","type-page","status-publish","hentry"],"jetpack_sharing_enabled":true,"jetpack-related-posts":[{"id":856,"url":"https:\/\/blografia.net\/vicm3\/documentos\/","url_meta":{"origin":773,"position":0},"title":"Documentos","author":"vicm3","date":"24 febrero, 2012","format":false,"excerpt":"Documentos, textos y divagaciones: Finalmente me he decidido a intentar poner en orden los textos y documentos que he escrito por aqu\u00ed y por all\u00e1. Licenciatura Un trabajo sobre migraci\u00f3n Octubre 1996 El Lenguaje y el conocimiento en la vida cotidiana (ensayo) Noviembre 1996 La ruptura (ensayo) Enero 1997 Un\u2026","rel":"","context":"Con 1 comentario","block_context":{"text":"Con 1 comentario","link":"https:\/\/blografia.net\/vicm3\/documentos\/#comments"},"img":{"alt_text":"","src":"","width":0,"height":0},"classes":[]},{"id":2,"url":"https:\/\/blografia.net\/vicm3\/acerca-de\/","url_meta":{"origin":773,"position":1},"title":"Acerca de mi","author":"vicm3","date":"3 noviembre, 2010","format":false,"excerpt":"Aqu\u00ed estar\u00e1 el acerca de mi. En 2011 dice: Soci\u00f3logo, actualmente profesor de tiempo completo, adscrito al \u00e1rea 4 Tecnolog\u00edas de la Informaci\u00f3n y Modelos Alternativos de la Universidad Pedag\u00f3gica Nacional unidad Ajusco. Mis intereses de investigaci\u00f3n son la comunicaci\u00f3n mediada por computadora (CMC), los sistemas de gesti\u00f3n de contenido\u2026","rel":"","context":"Entrada similar","block_context":{"text":"Entrada similar","link":""},"img":{"alt_text":"","src":"","width":0,"height":0},"classes":[]}],"_links":{"self":[{"href":"https:\/\/blografia.net\/vicm3\/wp-json\/wp\/v2\/pages\/773","targetHints":{"allow":["GET"]}}],"collection":[{"href":"https:\/\/blografia.net\/vicm3\/wp-json\/wp\/v2\/pages"}],"about":[{"href":"https:\/\/blografia.net\/vicm3\/wp-json\/wp\/v2\/types\/page"}],"author":[{"embeddable":true,"href":"https:\/\/blografia.net\/vicm3\/wp-json\/wp\/v2\/users\/2"}],"replies":[{"embeddable":true,"href":"https:\/\/blografia.net\/vicm3\/wp-json\/wp\/v2\/comments?post=773"}],"version-history":[{"count":0,"href":"https:\/\/blografia.net\/vicm3\/wp-json\/wp\/v2\/pages\/773\/revisions"}],"wp:attachment":[{"href":"https:\/\/blografia.net\/vicm3\/wp-json\/wp\/v2\/media?parent=773"}],"curies":[{"name":"wp","href":"https:\/\/api.w.org\/{rel}","templated":true}]}}