{"id":98,"date":"2011-09-03T22:19:52","date_gmt":"2011-09-04T04:19:52","guid":{"rendered":"http:\/\/blografia.net\/lacobachab\/?page_id=98"},"modified":"2011-09-03T22:19:52","modified_gmt":"2011-09-04T04:19:52","slug":"historia","status":"publish","type":"page","link":"https:\/\/blografia.net\/lacobachab\/historia\/","title":{"rendered":"Historia"},"content":{"rendered":"<h1 align=\"center\">La cobacha de Anime Project<\/h1>\n<p align=\"center\">Co\u00bbB\u00bbacha, por que est\u00e1 no es cualquier covacha<\/p>\n<p>Hoy en d\u00eda la tecnolog\u00eda nos permite expresarnos a trav\u00e9s de varios y diversos medios de comunicaci\u00f3n.<\/p>\n<p>Ya no es raro que la gente haga un extenso e intenso uso del \u00abCiber Espacio\u00bb, pero se vuelve impersonal al carecer del trato humano, las miradas la forma de modular la voz, la expresi\u00f3n corporal.<\/p>\n<p>Lo que trato de decir es que la intenci\u00f3n de hacer un programa de \u00abradio\u00bb un \u00abbroadcasting\u00bb, es la de hacer el medio menos fr\u00edo e invitar a la familiaridad con quien nos escuche.<\/p>\n<p>Actualmente existen escasos programas de radio sobre anime, manga y comic. Y son menos aun los que est\u00e1n sobre Internet (en espa\u00f1ol). Esto pues, es un experimento ya que desde siempre hemos querido hacer un programa de radio y aprovechando lo qu\u00e9 la tecnolog\u00eda a puesto alcance (ll\u00e1mese PC) nos hemos decidido a producir algo relacionado a nuestra afici\u00f3n en Internet.<br \/>\n<strong><a href=\"mailto:malopezm@hotmail.com\">Miguel Angel Lopez<\/a><\/strong> circa 1998.<\/p>\n<p>\u00bfPor que \u00abLa cobacha de Anime Project\u00bb? Hace tiempo tenemos muchos proyectos, que un fanzin (el cual solo ha sido en l\u00ednea hasta ahora), que un c\u00f3mic (nada de nada) y una especie de programa de \u00abradio\u00bb, primero ten\u00edamos la idea de hacer uno super serio de informaci\u00f3n, pero ya pens\u00e1ndolo de manera mas calmada, muchos de nosotros tenemos trabajo y\/o estudiamos, a parte de estar en nuestra afici\u00f3n, as\u00ed pues la creaci\u00f3n de un programa informativo \u00abdecente\u00bb (o al menos como el que quer\u00edamos hacer originalmente) llevar\u00eda mucho tiempo y requerir\u00eda de una dedicaci\u00f3n (y probablemente de mas staff e infraestructura) de la que nos es posible en este momento, por otra parte \u00bfpor que quedarse con las ganas? Pensamos entonces en otra cosa, \u00bfque es lo que caracterizo nuestras reuniones? \u00a1Ah! pues la informalidad el tono chacotero y el relajo, \u00bfentonces por que no conjuntar, lo que es nuestro estilo propio de cotorrear, y a la vez tratar de informar? Y bueno el resultado estas por escucharlo. El formato del programa quedo mas o menos de esta forma, 15 minutos corridos de platica (noticias, chismes, material reci\u00e9n llegado, etc.) junto con un fondo musical. Espero les agrade el resultado, aun estamos en prueba y tengan en cuenta que esta es la la versi\u00f3n Alpha 0.0.1.<br \/>\n<strong><a href=\"mailto:vicm3@hotmail.com\">V\u00edctor Manuel Mart\u00ednez Mart\u00ednez<\/a><\/strong> circa 1998<\/p>\n<p>Datos T\u00e9cnicos (Omitible)<\/p>\n<p>Al principio de esta aventura consideramos que lo mejor ser\u00eda tener 4 micr\u00f3fonos y una mezcladora, para poder tener el mejor sonido, tambi\u00e9n hab\u00edamos pensado en colocar un fondo musical a final de cuentas el primer programa lo grabamos con un viejo micr\u00f3fono Phillips (por eso el primer programa suena espantoso!) perteneciente a una grabadora de carrete de los sesenta!, posteriormente conseguimos un micr\u00f3fono de solapa (que sabemos no es lo optimo, pero sin embargo ha servido), la mezcladora anal\u00f3gica que hab\u00edamos considerado originalmente ha sido suplida por un programa en el que se ha realizado todo el trabajo de mejora (o empeora por cierto para quien le interese utilizamos el Cool Edit), ahora probablemente consigamos 2 micr\u00f3fonos para obtener una mejor separaci\u00f3n de las voces y evitar la superposici\u00f3n de las mismas (si es que eso es posible).<\/p>\n<p>Ahora colocar audio en Internet cuando quien escribe conoci\u00f3 la red era una idea algo descabellada o a juzgar de algunos algo no plausible, y hasta hace un par de a\u00f1os todav\u00eda un lujo, solo al alcance de gente con enlaces muy r\u00e1pidos y\/o maquinas muy veloces, ahora que las computadoras han mejorado sus capacidades, los enlaces a la red son mas r\u00e1pidos y se han desarrollado formatos de compresi\u00f3n que hacen que ya no sea tarea de titanes el mover los archivos, una decisi\u00f3n dif\u00edcil fue \u00bfQu\u00e9 formato utilizar?, de entrada probamos con Real Audio, puesto que ya anteriormente ten\u00edamos alguna experiencia con el, sin embargo la calidad del audio comparativamente contra el tama\u00f1o de los archivos (Y las limitaciones de espacio, nos hicieron repensarlo), as\u00ed ahora venimos con una tecnolog\u00eda que ha sido tachada de controversial \u00faltimamente debido a la calidad del audio que entrega y al tama\u00f1o de los archivos que genera.<\/p>\n<p>Staff<br \/>\nMauricio Alvarado Palacios:\u00a0\u00a0\u00a0\u00a0\u00a0 Locutor, Investigaci\u00f3n<br \/>\n<a href=\"mailto:malopezm@hotmail.com\">Miguel Angel L\u00f3pez Mart\u00ednez<\/a>:\u00a0\u00a0 Locutor, Soporte T\u00e9cnico, Selecci\u00f3n Musical, Informaci\u00f3n<br \/>\n<a href=\"mailto:wcobos@redipn.ipn.mx\">Waldemar Coboz<\/a>:\u00a0\u00a0\u00a0\u00a0\u00a0\u00a0\u00a0\u00a0\u00a0\u00a0\u00a0\u00a0\u00a0\u00a0\u00a0\u00a0\u00a0\u00a0\u00a0\u00a0 Locutor, Soporte T\u00e9cnico, Bromas y Chistoretes, Informaci\u00f3n<br \/>\n<a href=\"mailto:vicm3@hotmail.com\">V\u00edctor Manuel Mart\u00ednez Mtz.<\/a>\u00a0\u00a0\u00a0\u00a0 Locutor, Informaci\u00f3n, Moderador (intento).<\/p>\n<p>Diciembre 1998<\/p>\n<p>&#8212;<br \/>\nPor escribir una versi\u00f3n m\u00e1s actual.<\/p>\n","protected":false},"excerpt":{"rendered":"<p>La cobacha de Anime Project Co\u00bbB\u00bbacha, por que est\u00e1 no es cualquier covacha Hoy en d\u00eda la tecnolog\u00eda nos permite expresarnos a trav\u00e9s de varios y diversos medios de comunicaci\u00f3n. Ya no es raro que la gente haga un extenso &hellip; <a href=\"https:\/\/blografia.net\/lacobachab\/historia\/\">Sigue leyendo <span class=\"meta-nav\">&rarr;<\/span><\/a><\/p>\n","protected":false},"author":3,"featured_media":0,"parent":0,"menu_order":0,"comment_status":"open","ping_status":"open","template":"","meta":{"footnotes":""},"class_list":["post-98","page","type-page","status-publish","hentry"],"yoast_head":"<!-- This site is optimized with the Yoast SEO plugin v27.3 - https:\/\/yoast.com\/product\/yoast-seo-wordpress\/ -->\n<title>Historia - La Cobacha B<\/title>\n<meta name=\"robots\" content=\"index, follow, max-snippet:-1, max-image-preview:large, max-video-preview:-1\" \/>\n<link rel=\"canonical\" href=\"https:\/\/blografia.net\/lacobachab\/historia\/\" \/>\n<meta property=\"og:locale\" content=\"es_ES\" \/>\n<meta property=\"og:type\" content=\"article\" \/>\n<meta property=\"og:title\" content=\"Historia - La Cobacha B\" \/>\n<meta property=\"og:description\" content=\"La cobacha de Anime Project Co\u00bbB\u00bbacha, por que est\u00e1 no es cualquier covacha Hoy en d\u00eda la tecnolog\u00eda nos permite expresarnos a trav\u00e9s de varios y diversos medios de comunicaci\u00f3n. Ya no es raro que la gente haga un extenso &hellip; Sigue leyendo &rarr;\" \/>\n<meta property=\"og:url\" content=\"https:\/\/blografia.net\/lacobachab\/historia\/\" \/>\n<meta property=\"og:site_name\" content=\"La Cobacha B\" \/>\n<meta name=\"twitter:label1\" content=\"Tiempo de lectura\" \/>\n\t<meta name=\"twitter:data1\" content=\"4 minutos\" \/>\n<script type=\"application\/ld+json\" class=\"yoast-schema-graph\">{\"@context\":\"https:\\\/\\\/schema.org\",\"@graph\":[{\"@type\":\"WebPage\",\"@id\":\"https:\\\/\\\/blografia.net\\\/lacobachab\\\/historia\\\/\",\"url\":\"https:\\\/\\\/blografia.net\\\/lacobachab\\\/historia\\\/\",\"name\":\"Historia - La Cobacha B\",\"isPartOf\":{\"@id\":\"https:\\\/\\\/blografia.net\\\/lacobachab\\\/#website\"},\"datePublished\":\"2011-09-04T04:19:52+00:00\",\"breadcrumb\":{\"@id\":\"https:\\\/\\\/blografia.net\\\/lacobachab\\\/historia\\\/#breadcrumb\"},\"inLanguage\":\"es\",\"potentialAction\":[{\"@type\":\"ReadAction\",\"target\":[\"https:\\\/\\\/blografia.net\\\/lacobachab\\\/historia\\\/\"]}]},{\"@type\":\"BreadcrumbList\",\"@id\":\"https:\\\/\\\/blografia.net\\\/lacobachab\\\/historia\\\/#breadcrumb\",\"itemListElement\":[{\"@type\":\"ListItem\",\"position\":1,\"name\":\"Portada\",\"item\":\"https:\\\/\\\/blografia.net\\\/lacobachab\\\/\"},{\"@type\":\"ListItem\",\"position\":2,\"name\":\"Historia\"}]},{\"@type\":\"WebSite\",\"@id\":\"https:\\\/\\\/blografia.net\\\/lacobachab\\\/#website\",\"url\":\"https:\\\/\\\/blografia.net\\\/lacobachab\\\/\",\"name\":\"La Cobacha B\",\"description\":\"\u00bfY donde quedo el Plan A?\",\"potentialAction\":[{\"@type\":\"SearchAction\",\"target\":{\"@type\":\"EntryPoint\",\"urlTemplate\":\"https:\\\/\\\/blografia.net\\\/lacobachab\\\/?s={search_term_string}\"},\"query-input\":{\"@type\":\"PropertyValueSpecification\",\"valueRequired\":true,\"valueName\":\"search_term_string\"}}],\"inLanguage\":\"es\"}]}<\/script>\n<!-- \/ Yoast SEO plugin. -->","yoast_head_json":{"title":"Historia - La Cobacha B","robots":{"index":"index","follow":"follow","max-snippet":"max-snippet:-1","max-image-preview":"max-image-preview:large","max-video-preview":"max-video-preview:-1"},"canonical":"https:\/\/blografia.net\/lacobachab\/historia\/","og_locale":"es_ES","og_type":"article","og_title":"Historia - La Cobacha B","og_description":"La cobacha de Anime Project Co\u00bbB\u00bbacha, por que est\u00e1 no es cualquier covacha Hoy en d\u00eda la tecnolog\u00eda nos permite expresarnos a trav\u00e9s de varios y diversos medios de comunicaci\u00f3n. Ya no es raro que la gente haga un extenso &hellip; Sigue leyendo &rarr;","og_url":"https:\/\/blografia.net\/lacobachab\/historia\/","og_site_name":"La Cobacha B","twitter_misc":{"Tiempo de lectura":"4 minutos"},"schema":{"@context":"https:\/\/schema.org","@graph":[{"@type":"WebPage","@id":"https:\/\/blografia.net\/lacobachab\/historia\/","url":"https:\/\/blografia.net\/lacobachab\/historia\/","name":"Historia - La Cobacha B","isPartOf":{"@id":"https:\/\/blografia.net\/lacobachab\/#website"},"datePublished":"2011-09-04T04:19:52+00:00","breadcrumb":{"@id":"https:\/\/blografia.net\/lacobachab\/historia\/#breadcrumb"},"inLanguage":"es","potentialAction":[{"@type":"ReadAction","target":["https:\/\/blografia.net\/lacobachab\/historia\/"]}]},{"@type":"BreadcrumbList","@id":"https:\/\/blografia.net\/lacobachab\/historia\/#breadcrumb","itemListElement":[{"@type":"ListItem","position":1,"name":"Portada","item":"https:\/\/blografia.net\/lacobachab\/"},{"@type":"ListItem","position":2,"name":"Historia"}]},{"@type":"WebSite","@id":"https:\/\/blografia.net\/lacobachab\/#website","url":"https:\/\/blografia.net\/lacobachab\/","name":"La Cobacha B","description":"\u00bfY donde quedo el Plan A?","potentialAction":[{"@type":"SearchAction","target":{"@type":"EntryPoint","urlTemplate":"https:\/\/blografia.net\/lacobachab\/?s={search_term_string}"},"query-input":{"@type":"PropertyValueSpecification","valueRequired":true,"valueName":"search_term_string"}}],"inLanguage":"es"}]}},"_links":{"self":[{"href":"https:\/\/blografia.net\/lacobachab\/wp-json\/wp\/v2\/pages\/98","targetHints":{"allow":["GET"]}}],"collection":[{"href":"https:\/\/blografia.net\/lacobachab\/wp-json\/wp\/v2\/pages"}],"about":[{"href":"https:\/\/blografia.net\/lacobachab\/wp-json\/wp\/v2\/types\/page"}],"author":[{"embeddable":true,"href":"https:\/\/blografia.net\/lacobachab\/wp-json\/wp\/v2\/users\/3"}],"replies":[{"embeddable":true,"href":"https:\/\/blografia.net\/lacobachab\/wp-json\/wp\/v2\/comments?post=98"}],"version-history":[{"count":0,"href":"https:\/\/blografia.net\/lacobachab\/wp-json\/wp\/v2\/pages\/98\/revisions"}],"wp:attachment":[{"href":"https:\/\/blografia.net\/lacobachab\/wp-json\/wp\/v2\/media?parent=98"}],"curies":[{"name":"wp","href":"https:\/\/api.w.org\/{rel}","templated":true}]}}